is the tens digit of 2020/u - z/(-6)?
3
Let z(n) = -27598*n**3 + n**2 - 120*n - 120. What is the tens digit of z(-1)?
9
Suppose 0 = -l - 1279 + 5510. What is the units digit of l?
1
Let g be (-76)/5 + 21/105. What is the hundreds digit of (-6)/g + 3232/20 + -5?
1
What is the tens digit of (-7 - -11815) + 8 - 20/5?
1
Suppose 5*j + s + 132 = -2*s, 3*j = -4*s - 77. What is the tens digit of (j/2)/9*(-968)/3?
8
Let j be 15 - 3/3*4*-1. Suppose 24*u - 2470 = j*u. What is the units digit of u?
4
Suppose 5*l + 4 = o, 5*l = 3*o - 6 - 6. Suppose -2*d - 5*k + 668 = 0, -497 = -4*d + o*k + 895. What is the hundreds digit of d?
3
Let g(v) = 205*v**3 - 2 + v - v + v. Suppose -54 = 5*y - 59. What is the tens digit of g(y)?
0
Suppose 24171 = j + 3*p, -5*j + 2*p + 73379 + 47493 = 0. What is the hundreds digit of j?
1
What is the hundreds digit of (613*-1)/((-175)/700)?
4
Let y(f) = f**2 + 12*f - 79. Let i be y(5). Suppose -i*t + 3652 = -2204. What is the units digit of t?
6
Let h(v) = v**3 + 13*v**2 + 13*v - 12. Let g(c) = -c**2 + c - 1. Let r(x) = -g(x) - h(x). Let a be 43/(-4) + 1 + (-20)/16. What is the tens digit of r(a)?
4
Let n be (2 - 2) + 0 + (-6)/(-2). What is the units digit of ((-2)/(-9))/(-6*n/(-324))?
4
Suppose -5*h = -4*z + 168509, -196*z + h = -199*z + 126415. What is the tens digit of z?
3
Suppose 10*m = 3 + 7. Let i be 0/2 + -2*m. Let k(u) = -18*u - 8. What is the tens digit of k(i)?
2
Let l(x) = 100*x + 106 - 99*x - 18. What is the units digit of l(-26)?
2
Let j be (-10 - -11)*(2 + -2). Suppose j*w + 496 = 3*x + 4*w, 3*x - 468 = 3*w. What is the hundreds digit of x?
1
Let k be ((-2)/6)/(2/(-90)). Let q(h) = -5 + 3*h - 14 + k + 189*h**2. What is the units digit of q(1)?
8
Let k(v) = -3069*v + 1026. What is the thousands digit of k(-5)?
6
Suppose -4 = 2*y + 2*b - 68, 0 = -3*b + 6. Let m be (22 - y)/((-1)/((-1)/(-2))). Suppose 6*o - 95 = 5*o - n, -m*o - 2*n + 390 = 0. What is the tens digit of o?
0
Let l = -213 - -465. Suppose -9*w = -8*w + l. Let r = -124 - w. What is the units digit of r?
8
Let j(u) = -4*u - 16. Let z be j(-5). Suppose -z*a - 2*g = -14, -6 = 4*a - 5*g + 1. What is the units digit of 223 + 1 - (3 + -1 - a)?
4
Let z(w) be the third derivative of -w**4/12 - 31*w**3/6 + 4*w**2. Let c be z(-16). What is the tens digit of (-3 + 162)/(c - -2)?
5
Let f = -128364 - -191158. What is the tens digit of f?
9
Let k be 0 - (1 - 9 - -7). Let v(c) = 120*c - 14. What is the hundreds digit of v(k)?
1
Let d(h) = -h**3 + 42*h**2 + 29*h - 81. Let u be d(42). Let w = u - 727. What is the units digit of w?
0
Suppose -22*l = 25*l + 564. What is the thousands digit of l/(-1)*(-706)/(-8)?
1
Let h(a) be the second derivative of -a**3/3 - 3*a**2 - 10*a. Let b be h(-3). Suppose b = u - 6*u + 110. What is the units digit of u?
2
What is the tens digit of 5363/(((-192)/42)/(-16) + 11/(-63))?
6
Let s(a) = a**3 - 15*a**2 - 35*a + 19. Let x be s(17). Suppose -b - 300 = -2*b + 4*j, 0 = -5*b - x*j + 1544. What is the tens digit of b?
0
Suppose -42912 = 30*s - 66*s. What is the units digit of s?
2
Let g(v) = -v**3 + 8*v**2 - 9*v + 12. Let p be g(10). Let o = p - -365. What is the tens digit of o?
8
Let f = 37587 - 18601. What is the thousands digit of f?
8
Let b(v) = v**2 - 8*v - 31. Let w be b(11). Suppose -w*k = 4, -2*c - 3*c + 2*k + 234 = 0. What is the units digit of c?
6
Let f = 94 + -90. Suppose 0 = -f*n - s + 48, 30 - 78 = -4*n - 2*s. Suppose 0*o = d + 5*o - 117, 0 = -4*o - n. What is the units digit of d?
2
What is the tens digit of 29766 + (60/(-4) - -12)?
6
Suppose 765*j + y = 764*j + 4045, -4*y - 8102 = -2*j. What is the thousands digit of j?
4
Suppose 0 = -6*p + 17*p - 33. Let k be 85*8/40 - p*1. What is the units digit of 244/k - (-8)/14 - 2?
6
Suppose -3*u = 422 + 10. What is the tens digit of (-1)/((-428)/u - 3)?
3
Suppose 4989*w + 70417 = 3*l + 4987*w, -8 = 4*w. What is the thousands digit of l?
3
Let y(w) = 2*w**2 - 14*w - 137. Let o be y(26). Suppose -v + t = -0*v - o, -v = -2*t - 846. What is the units digit of v?
6
Suppose 0 = -0*v + 5*v + 10, 0 = 2*s + 4*v + 248. Let o = s - -537. What is the units digit of o?
7
Let d(l) = 6*l**2 - 8*l + 1. Let h be d(-2). Let n = 97 - h. What is the tens digit of n?
5
Suppose 0 = -73*k + 71*k + 3124. What is the units digit of k?
2
Suppose 88291 = 11*w - 4*w. Suppose -2785 = -6*x - w. What is the units digit of x/(-54) - 4/3?
9
Let d be (735/14)/5*(55 - 1). Let m = d - 550. What is the units digit of m?
7
Let y(a) = a**3 - 5*a - 13*a**2 - 6*a**2 - 24 + 9*a**2. Let x be y(11). Let g = -2 + x. What is the units digit of g?
0
What is the thousands digit of (-3)/(-63) - (-5571060)/630?
8
Suppose 2*s - 257 = -y - 0*s, -2*s + 4 = 0. Suppose -3*p - y = 2*f - 4*f, -5*p = -4*f + 505. What is the hundreds digit of f?
1
Let t = -2174 + 4622. What is the tens digit of t?
4
Let p = -18988 - -26783. Suppose 16*q - 17629 = p. What is the tens digit of q?
8
Let b(k) = -56*k - 75. Let c(t) = 2 + 8 + 15 + 19*t. Let o(u) = 6*b(u) + 17*c(u). What is the tens digit of o(-9)?
9
Let c = 65248 + -42445. What is the tens digit of c?
0
Suppose 0 = -s - 6*p + 33973, 5*p + 2606 = 3*s - 99267. What is the ten thousands digit of s?
3
Let p(q) = 24*q**3 - 4*q**2 + 10*q - 3. Let w be p(5). Suppose -2*i - 4*x + 1470 = -0*i, x = -4*i + w. What is the units digit of i?
7
What is the units digit of (((-27)/(-72) - (-1)/8) + 0)*6?
3
Suppose 3*z - 5*l = 17, 5*l = -2*z + 16 + 12. Let u(s) = 97*s**3 + 2*s**2 - 3*s + 3. Let a be u(1). Let o = a + z. What is the units digit of o?
8
Let b(s) = -s**3 - 10*s**2 - 13*s + 7. Let t be b(-13). Let x = t - 480. What is the hundreds digit of x?
2
Suppose 34 = 7*x + 13. Let w be 3 - (3 - x) - 13. Let i = 45 - w. What is the tens digit of i?
5
Suppose 0 = 3*k - 4*m - 71396, -1161*k + 4*m + 23796 = -1160*k. What is the tens digit of k?
0
Let z be 2/((-4)/(-1322)) + 1. Suppose -4*g + 3*b - 7*b = 1716, -4*b = -3*g - 1308. Let m = g + z. What is the tens digit of m?
3
Let j = 11554 + -2664. What is the hundreds digit of j?
8
Suppose 206*v - 65370 = 201*v. Suppose v + 7401 = 15*j. What is the tens digit of j?
6
Suppose -1527565 - 642785 = -172*q + 317802. What is the hundreds digit of q?
4
Let f = -18 + 18. Suppose 4*r - 2*w - 90 = f, -w - 120 = -8*r + 3*r. Suppose 228 = 4*v - 2*t, -278 - r = -5*v - 2*t. What is the tens digit of v?
5
Suppose 0 = 3*u - 4*b - 199, -10*u = -8*u + 4*b - 126. Let n = u + 622. What is the hundreds digit of n?
6
Let k(i) = -i**3 + 34*i**2 - 69*i - 56. Let x be k(32). Let w = x - -634. What is the tens digit of w?
1
What is the units digit of (-23)/(-138) + 122898/36?
4
Suppose 102*j = 513*j - 14045925. What is the tens digit of j?
7
Let v(n) = 6*n - 28. Let h be v(6). Let s(x) = 12*x**2 - 14*x + 13. What is the hundreds digit of s(h)?
6
Let k(g) = -g**3 + 14*g**2 - 14. Let i be k(10). Let v = i + -240. What is the hundreds digit of v?
1
Suppose i - o = 19769, -102*i = -105*i + 4*o + 59311. What is the thousands digit of i?
9
Let l(o) = -o**2 + 11*o + 9. Let h be l(18). Let g = 489 + -230. Let r = g + h. What is the units digit of r?
2
Let l be (826/3)/((-175)/(-84) + -2). Suppose l = 9*q - 2987. What is the tens digit of q?
9
Let m = 20420 + -12158. What is the units digit of m?
2
Let v = -14177 - -3911. What is the thousands digit of v/(-8) + 1*3/(-12)?
1
Suppose -w - 4*r + 170 = 0, -w + 3*r + 179 = 4*r. Let c be -4*4*4/16*-2. Suppose 458 = c*b - w. What is the tens digit of b?
8
Let l(d) = 20*d**2 + 61*d + 133. What is the ten thousands digit of l(-24)?
1
Suppose 5*t - 59496 = -32*t. Suppose 0 = 2*x - t - 414. What is the hundreds digit of x?
0
Let y(m) = 6*m**2 - 17*m - 4*m**2 - m**2 - 14. Suppose 139*p = 153*p - 294. What is the units digit of y(p)?
0
Suppose 182*x + 844 = 178*x. Let n = 283 - x. What is the units digit of n?
4
Suppose 25 = 5*j, -67*v - 75620 = -72*v - 2*j. What is the tens digit of v?
2
Let w = -14 + 27. Suppose -w = 2*u - 21. Suppose -2*l + 3*b + 153 = -26, -378 = -u*l + 2*b. What is the tens digit of l?
9
Suppose -w = -23*w + 103664. What is the tens digit of w?
1
Suppose -62*z - 3597122 = -123*z - 90*z. What is the ten thousands digit of z?
2
Suppose -96786 = 12*t + 47*t - 777941. What is the ten thousands digit of t?
1
Let j = -92 - -92. Suppose 16*x + 7*x - 